{"id":19439,"date":"2021-06-25T18:31:34","date_gmt":"2021-06-25T17:31:34","guid":{"rendered":"https:\/\/musicole78.fr\/?page_id=19439"},"modified":"2023-01-27T21:13:09","modified_gmt":"2023-01-27T20:13:09","slug":"mentions-legales","status":"publish","type":"page","link":"https:\/\/musicole78.fr\/?page_id=19439","title":{"rendered":"Mentions l\u00e9gales"},"content":{"rendered":"<div class=\"wpb-content-wrapper\">[vc_row][vc_column][vc_column_text]\n<header class=\"entry-header\">\n<h1 class=\"entry-title\">Mentions l\u00e9gales<\/h1>\n<\/header>\n<div class=\"entry-content\">\n<p>Mise \u00e0 jour : 01.01.2023<\/p>\n<hr class=\"wp-block-separator\" \/>\n<h2>Qui sommes-nous ?<\/h2>\n<p>Contraste Music\u2019Ole est une Association Loi 1901 agr\u00e9\u00e9e formation professionnelle. Le site www.musicole78.fr a pour objet la pr\u00e9sentation de l\u2019activit\u00e9 de l\u2019association, l\u2019inscription aux cours de musique et de chant, la r\u00e9servation des spectacles et la vente de produits mat\u00e9riels et immat\u00e9riels.<\/p>\n<ul>\n<li>Notre t\u00e9l\u00e9phone est : \u00a006.50.83.34.51\/ 06.60.56.06.03<\/li>\n<li>Le si\u00e8ge administratif de l\u2019association Contraste Music\u2019Ole est : 25 Rue Lamartine, 78190 Trappes<\/li>\n<li>Notre adresse de contact est : contact@musicole78.fr<\/li>\n<\/ul>\n<hr class=\"wp-block-separator\" \/>\n<h2>Utilisation des donn\u00e9es personnelles collect\u00e9es<\/h2>\n<h3>Commentaires<\/h3>\n<p>Quand vous laissez un commentaire sur notre site web, les donn\u00e9es inscrites dans le formulaire de commentaire, mais aussi votre adresse IP et l\u2019agent utilisateur de votre navigateur sont collect\u00e9s pour nous aider \u00e0 la d\u00e9tection des commentaires ind\u00e9sirables.<\/p>\n<p>Une cha\u00eene anonymis\u00e9e cr\u00e9\u00e9e \u00e0 partir de votre adresse de messagerie (\u00e9galement appel\u00e9e hash) peut \u00eatre envoy\u00e9e au service Gravatar pour v\u00e9rifier si vous utilisez ce dernier. Les clauses de confidentialit\u00e9 du service Gravatar sont disponibles ici\u00a0: https:\/\/automattic.com\/privacy\/. Apr\u00e8s validation de votre commentaire, votre photo de profil sera visible publiquement \u00e0 cot\u00e9 de votre commentaire.<\/p>\n<h3>M\u00e9dias<\/h3>\n<p>Si vous \u00eates un utilisateur ou une utilisatrice enregistr\u00e9\u00b7e et que vous t\u00e9l\u00e9versez des images sur le site web, nous vous conseillons d\u2019\u00e9viter de t\u00e9l\u00e9verser des images contenant des donn\u00e9es EXIF de coordonn\u00e9es GPS. Les visiteurs de votre site web peuvent t\u00e9l\u00e9charger et extraire des donn\u00e9es de localisation depuis ces images.<\/p>\n<h3>Cookies<\/h3>\n<p>Si vous d\u00e9posez un commentaire sur notre site, il vous sera propos\u00e9 d\u2019enregistrer votre nom, adresse de messagerie et site web dans des cookies. C\u2019est uniquement pour votre confort afin de ne pas avoir \u00e0 saisir ces informations si vous d\u00e9posez un autre commentaire plus tard. Ces cookies expirent au bout d\u2019un an.<\/p>\n<p>Si vous avez un compte et que vous vous connectez sur ce site, un cookie temporaire sera cr\u00e9\u00e9 afin de d\u00e9terminer si votre navigateur accepte les cookies. Il ne contient pas de donn\u00e9es personnelles et sera supprim\u00e9 automatiquement \u00e0 la fermeture de votre navigateur.<\/p>\n<p>Lorsque vous vous connecterez, nous mettrons en place un certain nombre de cookies pour enregistrer vos informations de connexion et vos pr\u00e9f\u00e9rences d\u2019\u00e9cran. La dur\u00e9e de vie d\u2019un cookie de connexion est de deux jours, celle d\u2019un cookie d\u2019option d\u2019\u00e9cran est d\u2019un an. Si vous cochez \u00ab\u00a0Se souvenir de moi\u00a0\u00bb, votre cookie de connexion sera conserv\u00e9 pendant deux semaines. Si vous vous d\u00e9connectez de votre compte, le cookie de connexion sera effac\u00e9.<\/p>\n<p>En modifiant ou en publiant une publication, un cookie suppl\u00e9mentaire sera enregistr\u00e9 dans votre navigateur. Ce cookie ne comprend aucune donn\u00e9e personnelle. Il indique simplement l\u2019ID de la publication que vous venez de modifier. Il expire au bout d\u2019un jour.<\/p>\n<h3>Contenu embarqu\u00e9 depuis d\u2019autres sites<\/h3>\n<p>Les articles de ce site peuvent inclure des contenus int\u00e9gr\u00e9s (par exemple des vid\u00e9os, images, articles\u2026). Le contenu int\u00e9gr\u00e9 depuis d\u2019autres sites se comporte de la m\u00eame mani\u00e8re que si le visiteur se rendait sur cet autre site.<\/p>\n<p>Ces sites web pourraient collecter des donn\u00e9es sur vous, utiliser des cookies, embarquer des outils de suivis tiers, suivre vos interactions avec ces contenus embarqu\u00e9s si vous disposez d\u2019un compte connect\u00e9 sur leur site web.<\/p>\n<h3>Statistiques et mesures d\u2019audience<\/h3>\n<p>Ce site utilise Google Analytics, un service d\u2019analyse de site internet fourni par Google Inc. (\u00ab Google \u00bb). Google Analytics utilise des cookies, qui sont des fichiers texte plac\u00e9s sur votre ordinateur, pour aider le site internet \u00e0 analyser l\u2019utilisation du site par ses utilisateurs. Les donn\u00e9es g\u00e9n\u00e9r\u00e9es par les cookies concernant votre utilisation du site (y compris votre adresse IP) seront transmises et stock\u00e9es par Google sur des serveurs situ\u00e9s aux \u00c9tats-Unis. Google :<\/p>\n<ul>\n<li>utilisera cette information dans le but d\u2019\u00e9valuer votre utilisation du site, de compiler des rapports sur l\u2019activit\u00e9 du site \u00e0 destination de musicole78.fr et de fournir d\u2019autres services relatifs \u00e0 l\u2019activit\u00e9 du site et \u00e0 l\u2019utilisation d\u2019Internet,<\/li>\n<li>est susceptible de communiquer ces donn\u00e9es \u00e0 des tiers en cas d\u2019obligation l\u00e9gale,<\/li>\n<li>ne recoupera pas votre adresse IP avec toute autre donn\u00e9e d\u00e9tenue par Google.<\/li>\n<\/ul>\n<h3>D\u00e9sactivation des cookies<\/h3>\n<p>Vous pouvez d\u00e9sactiver l\u2019utilisation de cookies en s\u00e9lectionnant les param\u00e8tres appropri\u00e9s de votre navigateur. Cependant, une telle d\u00e9sactivation pourrait emp\u00eacher l\u2019utilisation de certaines fonctionnalit\u00e9s de ce Site (pour en savoir plus sur les cookies, y compris comment configurer votre navigateur Internet pour refuser l\u2019utilisation sp\u00e9cifique de cette technologie, veuillez cliquer sur: <a href=\"http:\/\/www.w3.org\/P3P\/P3FAQ.html#Cookies\" target=\"_blank\" rel=\"noreferrer noopener\">http:\/\/www.w3.org\/P3P\/P3FAQ.html#Cookies<\/a>).<\/p>\n<hr class=\"wp-block-separator\" \/>\n<h2>Utilisation et transmission de vos donn\u00e9es personnelles<\/h2>\n<p>Le recueil actif d\u2019informations correspond aux situations dans lesquelles vous nous communiquez des informations en vous enregistrant pour recevoir une Lettre d\u2019information ou encore en nous transmettant un message par le syst\u00e8me de r\u00e9ponse par courriel propos\u00e9 sur ce Site (\u00ab\u00a0formulaires de contact\u00a0\u00bb). Le recueil actif d\u2019informations peut inclure \u00e0 la fois des informations personnellement identifiables (par exemple, votre nom complet) et des informations non personnellement identifiables (par exemple, votre Code postal).<\/p>\n<h3>Formulaires de contact<\/h3>\n<p>Ce Site vous propose plusieurs formulaires de contact que vous pouvez utiliser pour divers motifs (demande de renseignements, inscription \u00e0 des cours ou \u00e0 des \u00e9v\u00e8nements, \u2026). Nous vous demandons alors de fournir des informations personnellement identifiables, telles que votre nom et votre adresse de courriel. Nous utilisons les informations que vous avez d\u00e9cid\u00e9es de nous communiquer afin de pouvoir vous retourner une r\u00e9ponse personnalis\u00e9e.<\/p>\n<h3>Boutique en ligne<\/h3>\n<p>La boutique en ligne enregistre vos donn\u00e9es personnelles pour vous accompagner au cours du processus de commande. Les commandes, qu\u2019elles soient termin\u00e9es, \u00e9chou\u00e9es ou annul\u00e9es, sont conserv\u00e9es dans notre base de donn\u00e9es pendant 12 mois ; d\u00e9lais au-del\u00e0 duquel nous proc\u00e9dons \u00e0 leur suppression d\u00e9finitive.<\/p>\n<h3>Lettre d\u2019information<\/h3>\n<p>Ce site propose \u00e9galement l\u2019inscription \u00e0 une Lettre d\u2019information qui requiert la transmission de vos nom et pr\u00e9nom ainsi que de votre adresse courriel. Vous pouvez conform\u00e9ment \u00e0 la l\u00e9gislation en vigueur r\u00e9silier \u00e0 tout instant l\u2019abonnement \u00e0 la Lettre d\u2019information, soit en utilisant le lien de d\u00e9sinscription fourni dans chaque Lettre d\u2019information soit en faisant part de votre souhait par courriel \u00e0 : contact@musicole78.fr<\/p>\n<h3>Dur\u00e9es de stockage de vos donn\u00e9es<\/h3>\n<p>Si vous laissez un commentaire, le commentaire et ses m\u00e9tadonn\u00e9es sont conserv\u00e9s ind\u00e9finiment. Cela permet de reconna\u00eetre et approuver automatiquement les commentaires suivants au lieu de les laisser dans la file de mod\u00e9ration.<\/p>\n<p>Pour les utilisateurs et utilisatrices qui s\u2019enregistrent sur notre site, nous stockons \u00e9galement les donn\u00e9es personnelles indiqu\u00e9es dans leur profil. Tous les utilisateurs et utilisatrices peuvent voir, modifier ou supprimer leurs informations personnelles \u00e0 tout moment (\u00e0 l\u2019exception de leur nom d\u2019utilisateur\u00b7ice). Les gestionnaires du site peuvent aussi voir et modifier ces informations.<\/p>\n<p>Les messages transmis par le biais des formulaires de contact et informations personnelles les accompagnant (nom, pr\u00e9nom, email, \u2026) sont conserv\u00e9s ind\u00e9finiment sur les serveurs de messagerie de notre h\u00e9bergeur internet.<\/p>\n<h3>Les droits que vous avez sur les donn\u00e9es personnelles transmises<\/h3>\n<p>Conform\u00e9ment \u00e0 :<\/p>\n<ul>\n<li>la loi \u00ab <a href=\"https:\/\/fr.wikipedia.org\/wiki\/Loi_informatique_et_libert%C3%A9s\" target=\"_blank\" rel=\"noreferrer noopener\">Informatique et Libert\u00e9s<\/a> \u00bb du 6 janvier 1978 (articles 38, 39 et 40)<\/li>\n<li>et au <a href=\"https:\/\/fr.wikipedia.org\/wiki\/R%C3%A8glement_g%C3%A9n%C3%A9ral_sur_la_protection_des_donn%C3%A9es\" target=\"_blank\" rel=\"noreferrer noopener\">r\u00e8glement europ\u00e9en RGPD<\/a> (R\u00e8glement G\u00e9n\u00e9ral sur la Protection des Donn\u00e9es) du 14 avril 2016<\/li>\n<\/ul>\n<p>vous b\u00e9n\u00e9ficiez d\u2019un droit d\u2019acc\u00e8s, d\u2019opposition et de rectification des donn\u00e9es que vous nous avez tranmises. Vous pouvez \u00e9galement demander la suppression des donn\u00e9es personnelles vous concernant. Cela ne prend pas en compte les donn\u00e9es stock\u00e9es \u00e0 des fins administratives, l\u00e9gales ou pour des raisons de s\u00e9curit\u00e9. Si vous souhaitez exercer ce droit et \/ ou obtenir communication des informations vous concernant, veuillez transmettre votre requ\u00eate par courriel \u00e0 : contact@musicole78.fr<\/p>\n<hr class=\"wp-block-separator\" \/>\n<h2>Modifications de notre politique de confidentialit\u00e9<\/h2>\n<p>Nous nous r\u00e9servons le droit de modifier notre Politique de confidentialit\u00e9 \u00e0 tout moment \u00e0 notre seule discr\u00e9tion. Si nous modifions la Politique, la nouvelle Politique sera publi\u00e9e ici, avec sa date de r\u00e9vision, et toutes les informations recueillies apr\u00e8s la publication de ces modifications seront soumises \u00e0 la nouvelle Politique. Nous voulons toutefois que vous sachiez qu\u2019avant d\u2019utiliser ou de communiquer vos informations personnellement identifiables recueillies pr\u00e9c\u00e9demment d\u2019une mani\u00e8re mat\u00e9riellement diff\u00e9rente de celle dont vous avez convenu, nous commencerons par nous assurer que vous acceptez une telle utilisation ou communication. En l\u2019absence de votre consentement, nous utiliserons vos informations personnellement identifiables conform\u00e9ment \u00e0 la Politique en vigueur au moment o\u00f9 nous avons recueilli les informations. Si vous n\u2019acceptez pas les termes et les conditions de la nouvelle Politique, vous devrez \u00eatre radi\u00e9(e) du programme ou du service auquel vous \u00e9tiez initialement inscrit(e).<\/p>\n<hr class=\"wp-block-separator\" \/>\n<h2>Liens hypertextes et banni\u00e8res<\/h2>\n<p>Le site musicole78.fr propose des liens vers diff\u00e9rents sites web. Ces liens ne constituent, en aucun cas, une approbation ou un partenariat entre musicole78.fr et ces sites. D\u00e8s lors, nous ne saurions \u00eatre responsables des contenus, produits, publicit\u00e9s ou tout \u00e9l\u00e9ment ou service pr\u00e9sent\u00e9s sur ces sites. Nous vous recommandons de contr\u00f4ler les conditions g\u00e9n\u00e9rales d\u2019utilisations et de confidentialit\u00e9 de ces sites.<\/p>\n<p>Tout lien hypertexte, de quelque nature qu\u2019il soit, permettant d\u2019acc\u00e9der au site musicole78.fr ou \u00e0 une quelconque de ses pages ou de ses \u00e9l\u00e9ments, n\u00e9cessite notre autorisation pr\u00e9alable.<\/p>\n<p>En aucun cas les pages du site musicole78.fr ne doivent se trouver imbriqu\u00e9es \u00e0 l\u2019int\u00e9rieur des pages d\u2019un autre site. Tout doit \u00eatre mis en \u0153uvre pour indiquer clairement \u00e0 l\u2019utilisateur qu\u2019il se trouve sur le site musicole78.fr et lui permettre d\u2019y naviguer librement.<\/p>\n<hr class=\"wp-block-separator\" \/>\n<h2>Propri\u00e9t\u00e9 immat\u00e9rielle<\/h2>\n<p>Musicole78.fr et notamment tous les \u00e9l\u00e9ments visuels, qu\u2019ils soient ou non d\u00e9pos\u00e9s \u00e0 titre de marque ou \u00e0 un autre titre, qu\u2019il soient ou non accompagn\u00e9s des sigles, \u00ae, ou \u00a9, de m\u00eame que la pr\u00e9sentation et le contenu de tous les articles, lettres d\u2019informations, et plus g\u00e9n\u00e9ralement toute information figurant sur le Site est la propri\u00e9t\u00e9 exclusive de Musicole ou de tiers avec lesquels nous avons conclu des accords en permettant la diffusion. L\u2019utilisateur ne dispose pas du droit de les reproduire, de les diffuser ou plus g\u00e9n\u00e9ralement du droit de les exploiter par quelque moyen que ce soit hors le consentement pr\u00e9alable, expr\u00e8s et par \u00e9crit.<\/p>\n<p>Toute utilisation des donn\u00e9es ou informations provenant de www.musicole78.fr doit obligatoirement mentionner www.musicole78.fr en tant que source d\u2019information et est imp\u00e9rativement subordonn\u00e9e \u00e0 l\u2019obtention pr\u00e9alable de notre autorisation \u00e9crite formelle. A d\u00e9faut d\u2019obtention d\u2019une telle autorisation, l\u2019utilisateur s\u2019expose \u00e0 des poursuites p\u00e9nales.<\/p>\n<\/div>\n[\/vc_column_text][\/vc_column][\/vc_row]\n<\/div>","protected":false},"excerpt":{"rendered":"<p>[vc_row][vc_column][vc_column_text]<\/p>\n<p>Mentions l\u00e9gales<\/p>\n<p>\nMise \u00e0 jour : 01.01.2023<\/p>\n<p>Qui sommes-nous ?<br \/>\nContraste Music\u2019Ole est une Association Loi 1901 agr\u00e9\u00e9e formation professionnelle. Le site www.musicole78.fr a pour objet la pr\u00e9sentation de l\u2019activit\u00e9 de l\u2019association, l\u2019inscription aux cours de musique et de chant, la r\u00e9servation des spectacles et la vente de produits mat\u00e9riels et immat\u00e9riels.<\/p>\n<p>Notre t\u00e9l\u00e9phone est : \u00a006.50.83.34.51\/ 06.60.56.06.03<br \/>\nLe si\u00e8ge administratif de l\u2019association Contraste Music\u2019Ole est : 25 Rue Lamartine, 78190 Trappes<br \/>\nNotre adresse &#8230;<\/p>\n","protected":false},"author":1,"featured_media":0,"parent":0,"menu_order":0,"comment_status":"closed","ping_status":"closed","template":"template-full-width.php","meta":{"_acf_changed":false,"_bbp_topic_count":0,"_bbp_reply_count":0,"_bbp_total_topic_count":0,"_bbp_total_reply_count":0,"_bbp_voice_count":0,"_bbp_anonymous_reply_count":0,"_bbp_topic_count_hidden":0,"_bbp_reply_count_hidden":0,"_bbp_forum_subforum_count":0,"footnotes":""},"class_list":["post-19439","page","type-page","status-publish","hentry"],"acf":[],"aioseo_notices":[],"_links":{"self":[{"href":"https:\/\/musicole78.fr\/index.php?rest_route=\/wp\/v2\/pages\/19439","targetHints":{"allow":["GET"]}}],"collection":[{"href":"https:\/\/musicole78.fr\/index.php?rest_route=\/wp\/v2\/pages"}],"about":[{"href":"https:\/\/musicole78.fr\/index.php?rest_route=\/wp\/v2\/types\/page"}],"author":[{"embeddable":true,"href":"https:\/\/musicole78.fr\/index.php?rest_route=\/wp\/v2\/users\/1"}],"replies":[{"embeddable":true,"href":"https:\/\/musicole78.fr\/index.php?rest_route=%2Fwp%2Fv2%2Fcomments&post=19439"}],"version-history":[{"count":0,"href":"https:\/\/musicole78.fr\/index.php?rest_route=\/wp\/v2\/pages\/19439\/revisions"}],"wp:attachment":[{"href":"https:\/\/musicole78.fr\/index.php?rest_route=%2Fwp%2Fv2%2Fmedia&parent=19439"}],"curies":[{"name":"wp","href":"https:\/\/api.w.org\/{rel}","templated":true}]}}