{"id":2853,"date":"2016-11-21T11:56:41","date_gmt":"2016-11-21T10:56:41","guid":{"rendered":"http:\/\/musicole78.fr\/?page_id=2853"},"modified":"2026-03-21T14:19:44","modified_gmt":"2026-03-21T13:19:44","slug":"nos-cours-2","status":"publish","type":"page","link":"https:\/\/musicole78.fr\/?page_id=2853","title":{"rendered":"Les cours"},"content":{"rendered":"<div class=\"wpb-content-wrapper\">[vc_row][vc_column]<div class=\"message_karma_orange colored_box tt_animate_none\" style=\"font-size:13px;\">\n<p style=\"text-align: left;\"><strong>Les cours collectifs de 3 \u00e0 6 \u00e9l\u00e8ves en fonction de l\u2019atelier, durent 1h par semaine (Si moins de 3 \u00e9l\u00e8ves cours de 45 minutes). <\/strong><strong>Les cours individuels peuvent \u00eatre de 30, 40 ou 45 minutes selon les formules. <\/strong><strong>Les cours ont lieu tous les jours de la semaine du lundi au samedi (sauf pendant les vacances scolaires o\u00f9 nous proposons des stages, tous \u00e2ges, tous niveaux, et des masterclass). <\/strong><\/p>\n<p style=\"text-align: left;\"><span class=\"s1\">Les inscriptions peuvent aussi s\u2019effectuer <\/span><span class=\"s2\">en cours d\u2019ann\u00e9e<\/span><span class=\"s1\">. Dans ce cas, le tarif appliqu\u00e9 est calcul\u00e9 au prorata du nombre de s\u00e9ances du trimestre entam\u00e9. <\/span>Absences : toute absence \u00a0non signal\u00e9e 24 h \u00e0 l\u2019avance ne donne lieu \u00e0 aucun rattrapage. Une absence signal\u00e9e pourra donner lieu \u00e0 un rattrapage dans la limite de deux rattrapages dans l\u2019ann\u00e9e et sous r\u00e9serve de disponibilit\u00e9 de cr\u00e9neau.<\/p>\n<\/div><br class=\"clear\" \/>[\/vc_column][\/vc_row][vc_row][vc_column width=\u00a0\u00bb1\/3&Prime;]<div class=\"true-image-box-1 tt_animate_none  sBBfYobH\"><div class=\"true-img-wrap\"><img loading=\"lazy\" decoding=\"async\" width=\"250\" height=\"226\" src=\"https:\/\/musicole78.fr\/wp-content\/uploads\/2016\/11\/crbst_acathy-chant.jpg\" class=\"attachment-large size-large\" alt=\"\" \/><\/div><div class=\"true-text-wrap\"><div class=\"callout-heading-wrap true-montserrat\"><h4><\/h4><h3>Le Chant<\/h3><\/div><div class=\"callout-details-wrap\">Venez tester vos cordes vocales&#8230;<\/div><\/div><a class=\"overlay-link\" href=\"https:\/\/musicole78.fr\/?page_id=3329\" target=\"\" title=\"Le Chant\"><\/a><\/div>[vc_separator]<div class=\"true-image-box-1 tt_animate_none  jAwnMLMx\"><div class=\"true-img-wrap\"><img loading=\"lazy\" decoding=\"async\" width=\"467\" height=\"300\" src=\"https:\/\/musicole78.fr\/wp-content\/uploads\/2016\/11\/guitare-electrique.jpg\" class=\"attachment-large size-large\" alt=\"\" srcset=\"https:\/\/musicole78.fr\/wp-content\/uploads\/2016\/11\/guitare-electrique.jpg 467w, https:\/\/musicole78.fr\/wp-content\/uploads\/2016\/11\/guitare-electrique-300x193.jpg 300w, https:\/\/musicole78.fr\/wp-content\/uploads\/2016\/11\/guitare-electrique-400x257.jpg 400w\" sizes=\"auto, (max-width: 467px) 100vw, 467px\" \/><\/div><div class=\"true-text-wrap\"><div class=\"callout-heading-wrap true-montserrat\"><h4><\/h4><h3>La Guitare Electrique<\/h3><\/div><div class=\"callout-details-wrap\">Rock, blues, jazz, improvisation\u2026<\/div><\/div><a class=\"overlay-link\" href=\"https:\/\/musicole78.fr\/?page_id=3391\" target=\"\" title=\"La Guitare Electrique\"><\/a><\/div>[vc_separator]<div class=\"true-image-box-1 tt_animate_none  QIzEBEmb\"><div class=\"true-img-wrap\"><img loading=\"lazy\" decoding=\"async\" width=\"160\" height=\"120\" src=\"https:\/\/musicole78.fr\/wp-content\/uploads\/2016\/12\/piano15.jpg\" class=\"attachment-large size-large\" alt=\"\" \/><\/div><div class=\"true-text-wrap\"><div class=\"callout-heading-wrap true-montserrat\"><h4><\/h4><h3>L'Eveil Piano<\/h3><\/div><div class=\"callout-details-wrap\">Initiation au piano, pour les enfants de cinq \u00e0 six ans\u2026<\/div><\/div><a class=\"overlay-link\" href=\"https:\/\/musicole78.fr\/?page_id=3721\" target=\"\" title=\"L\u2019Eveil Piano\"><\/a><\/div>[vc_separator]<div class=\"true-image-box-1 tt_animate_none  tMSitEuW\"><div class=\"true-img-wrap\"><img loading=\"lazy\" decoding=\"async\" width=\"283\" height=\"178\" src=\"https:\/\/musicole78.fr\/wp-content\/uploads\/2016\/03\/Flute.jpg\" class=\"attachment-large size-large\" alt=\"\" \/><\/div><div class=\"true-text-wrap\"><div class=\"callout-heading-wrap true-montserrat\"><h4><\/h4><h3>La Fl\u00fbte Traversi\u00e8re<\/h3><\/div><div class=\"callout-details-wrap\">R\u00e9pertoire : vari\u00e9t\u00e9, classique, jazz&#8230;<\/div><\/div><a class=\"overlay-link\" href=\"https:\/\/musicole78.fr\/?page_id=3634\" target=\"\" title=\"La Fl\u00fbte Traversi\u00e8re\"><\/a><\/div>[vc_separator]<div class=\"true-image-box-1 tt_animate_none  uudqgxcP\"><div class=\"true-img-wrap\"><img loading=\"lazy\" decoding=\"async\" width=\"311\" height=\"266\" src=\"https:\/\/musicole78.fr\/wp-content\/uploads\/2016\/11\/enregistrez.png\" class=\"attachment-large size-large\" alt=\"\" srcset=\"https:\/\/musicole78.fr\/wp-content\/uploads\/2016\/11\/enregistrez.png 311w, https:\/\/musicole78.fr\/wp-content\/uploads\/2016\/11\/enregistrez-300x257.png 300w\" sizes=\"auto, (max-width: 311px) 100vw, 311px\" \/><\/div><div class=\"true-text-wrap\"><div class=\"callout-heading-wrap true-montserrat\"><h4><\/h4><h3>Enregistrez-vous !<\/h3><\/div><div class=\"callout-details-wrap\">Notre studio offre la possibilit\u00e9 d&rsquo;enregistrer s\u00e9par\u00e9ment ou en condition live\u2026<\/div><\/div><a class=\"overlay-link\" href=\"https:\/\/musicole78.fr\/?page_id=5631\" target=\"\" title=\"La Guitare Electrique\"><\/a><\/div>[\/vc_column][vc_column width=\u00a0\u00bb1\/3&Prime;]<div class=\"true-image-box-1 tt_animate_none  nqEXbRYI\"><div class=\"true-img-wrap\"><img loading=\"lazy\" decoding=\"async\" width=\"273\" height=\"184\" src=\"https:\/\/musicole78.fr\/wp-content\/uploads\/2016\/11\/eveil-musical.jpg\" class=\"attachment-large size-large\" alt=\"\" \/><\/div><div class=\"true-text-wrap\"><div class=\"callout-heading-wrap true-montserrat\"><h4><\/h4><h3>L'Education Musicale<\/h3><\/div><div class=\"callout-details-wrap\">Atelier pour les enfants de trois \u00e0 cinq ans&#8230;<\/div><\/div><a class=\"overlay-link\" href=\"https:\/\/musicole78.fr\/?page_id=3567\" target=\"\" title=\"L\u2019\u00e9ducation musicale\"><\/a><\/div>[vc_separator]<div class=\"true-image-box-1 tt_animate_none  ZxLNCngI\"><div class=\"true-img-wrap\"><img loading=\"lazy\" decoding=\"async\" width=\"134\" height=\"92\" src=\"https:\/\/musicole78.fr\/wp-content\/uploads\/2016\/03\/piano3-e1460030975711.jpg\" class=\"attachment-large size-large\" alt=\"\" \/><\/div><div class=\"true-text-wrap\"><div class=\"callout-heading-wrap true-montserrat\"><h4><\/h4><h3>Le Piano<\/h3><\/div><div class=\"callout-details-wrap\">Pour les amateurs de touche blanche et noire\u2026<\/div><\/div><a class=\"overlay-link\" href=\"https:\/\/musicole78.fr\/?page_id=3531\" target=\"\" title=\"Le Piano\"><\/a><\/div>[vc_separator]<div class=\"true-image-box-1 tt_animate_none  pTBbMaLY\"><div class=\"true-img-wrap\"><img loading=\"lazy\" decoding=\"async\" width=\"256\" height=\"197\" src=\"https:\/\/musicole78.fr\/wp-content\/uploads\/2016\/10\/guitare-classique.jpg\" class=\"attachment-large size-large\" alt=\"\" \/><\/div><div class=\"true-text-wrap\"><div class=\"callout-heading-wrap true-montserrat\"><h4><\/h4><h3>La Guitare Classique<\/h3><\/div><div class=\"callout-details-wrap\">On n&rsquo;y pratique des jeux, le plus souvent interdit en toute libert\u00e9\u2026<\/div><\/div><a class=\"overlay-link\" href=\"https:\/\/musicole78.fr\/?page_id=3976\" target=\"\" title=\"La Guitare Classique\"><\/a><\/div>[vc_separator]<div class=\"true-image-box-1 tt_animate_none  DLdJrgJt\"><div class=\"true-img-wrap\"><img loading=\"lazy\" decoding=\"async\" width=\"275\" height=\"183\" src=\"https:\/\/musicole78.fr\/wp-content\/uploads\/2016\/11\/Mao4.jpg\" class=\"attachment-large size-large\" alt=\"\" \/><\/div><div class=\"true-text-wrap\"><div class=\"callout-heading-wrap true-montserrat\"><h4><\/h4><h3>Studio-MAO<\/h3><\/div><div class=\"callout-details-wrap\">Ce cours s\u2019adresse autant \u00e0 des d\u00e9butants, qu\u2019aux homes studistes d\u00e9j\u00e0 aguerris&#8230;<\/div><\/div><a class=\"overlay-link\" href=\"https:\/\/musicole78.fr\/?page_id=3735\" target=\"\" title=\"Studio-Mao\"><\/a><\/div>[vc_separator]<div class=\"true-image-box-1 tt_animate_none  kZEdBGoq\"><div class=\"true-img-wrap\"><img loading=\"lazy\" decoding=\"async\" width=\"275\" height=\"183\" src=\"https:\/\/musicole78.fr\/wp-content\/uploads\/2020\/07\/violon1.jpg\" class=\"attachment-large size-large\" alt=\"\" \/><\/div><div class=\"true-text-wrap\"><div class=\"callout-heading-wrap true-montserrat\"><h4><\/h4><h3>Le Violon<\/h3><\/div><div class=\"callout-details-wrap\">Par sa sonorit\u00e9 envo\u00fbtante,\u00a0le violon arrive \u00e0 charmer et \u00e0 fasciner plus d\u2019un.<br \/>\nEn effet, quand avec sa main virtuose, le violoniste se met \u00e0 gratter les cordes avec son archet, on peut entendre une douce m\u00e9lodie qui fait vibrer tout le corps&#8230;<\/div><\/div><a class=\"overlay-link\" href=\"https:\/\/musicole78.fr\/?page_id=18984\" target=\"\" title=\"Le Violon\"><\/a><\/div>[\/vc_column][vc_column width=\u00a0\u00bb1\/3&Prime;]<div class=\"true-image-box-1 tt_animate_none  TYNSjkEJ\"><div class=\"true-img-wrap\"><img loading=\"lazy\" decoding=\"async\" width=\"467\" height=\"300\" src=\"https:\/\/musicole78.fr\/wp-content\/uploads\/2016\/11\/guitare-acoustique.jpg\" class=\"attachment-large size-large\" alt=\"\" srcset=\"https:\/\/musicole78.fr\/wp-content\/uploads\/2016\/11\/guitare-acoustique.jpg 467w, https:\/\/musicole78.fr\/wp-content\/uploads\/2016\/11\/guitare-acoustique-300x193.jpg 300w, https:\/\/musicole78.fr\/wp-content\/uploads\/2016\/11\/guitare-acoustique-400x257.jpg 400w\" sizes=\"auto, (max-width: 467px) 100vw, 467px\" \/><\/div><div class=\"true-text-wrap\"><div class=\"callout-heading-wrap true-montserrat\"><h4><\/h4><h3>La Guitare Acoustique<\/h3><\/div><div class=\"callout-details-wrap\">Si la guitare vous d\u00e9mange\u2026<\/div><\/div><a class=\"overlay-link\" href=\"https:\/\/musicole78.fr\/?page_id=3428\" target=\"\" title=\"La Guitare Acoustique\"><\/a><\/div>[vc_separator]<div class=\"true-image-box-1 tt_animate_none  xbKbfTKR\"><div class=\"true-img-wrap\"><img loading=\"lazy\" decoding=\"async\" width=\"176\" height=\"116\" src=\"https:\/\/musicole78.fr\/wp-content\/uploads\/2016\/03\/crbst_hubert-saxo-haut-e1460030678446.jpg\" class=\"attachment-large size-large\" alt=\"\" \/><\/div><div class=\"true-text-wrap\"><div class=\"callout-heading-wrap true-montserrat\"><h4><\/h4><h3>Le Saxophone<\/h3><\/div><div class=\"callout-details-wrap\">Du souffle, du doigt\u00e9, de la l\u00e9g\u00e8ret\u00e9\u2026<\/div><\/div><a class=\"overlay-link\" href=\"https:\/\/musicole78.fr\/?page_id=3604\" target=\"\" title=\"Le Saxophone\"><\/a><\/div>[vc_separator]<div class=\"true-image-box-1 tt_animate_none  xxdNPJBw\"><div class=\"true-img-wrap\"><img loading=\"lazy\" decoding=\"async\" width=\"133\" height=\"106\" src=\"https:\/\/musicole78.fr\/wp-content\/uploads\/2016\/03\/crbst_Batterie-e1460030931790.jpg\" class=\"attachment-large size-large\" alt=\"\" \/><\/div><div class=\"true-text-wrap\"><div class=\"callout-heading-wrap true-montserrat\"><h4><\/h4><h3>La Batterie<\/h3><\/div><div class=\"callout-details-wrap\">Des baguettes, de l&rsquo;\u00e9nergie et un bon sens du rythme\u2026<\/div><\/div><a class=\"overlay-link\" href=\"https:\/\/musicole78.fr\/?page_id=3648\" target=\"\" title=\"La Batterie\"><\/a><\/div>[vc_separator]<div class=\"true-image-box-1 tt_animate_none  zyYirYqO\"><div class=\"true-img-wrap\"><img loading=\"lazy\" decoding=\"async\" width=\"467\" height=\"300\" src=\"https:\/\/musicole78.fr\/wp-content\/uploads\/2016\/11\/guitare-basse.jpg\" class=\"attachment-large size-large\" alt=\"\" srcset=\"https:\/\/musicole78.fr\/wp-content\/uploads\/2016\/11\/guitare-basse.jpg 467w, https:\/\/musicole78.fr\/wp-content\/uploads\/2016\/11\/guitare-basse-300x193.jpg 300w, https:\/\/musicole78.fr\/wp-content\/uploads\/2016\/11\/guitare-basse-400x257.jpg 400w\" sizes=\"auto, (max-width: 467px) 100vw, 467px\" \/><\/div><div class=\"true-text-wrap\"><div class=\"callout-heading-wrap true-montserrat\"><h4><\/h4><h3>La Guitare Basse<\/h3><\/div><div class=\"callout-details-wrap\">\u00c0 la fois rythmique et m\u00e9lodique, la basse est indispensable dans un groupe\u2026<\/div><\/div><a class=\"overlay-link\" href=\"https:\/\/musicole78.fr\/?page_id=3668\" target=\"\" title=\"La Basse\"><\/a><\/div>[vc_separator]<div class=\"true-image-box-1 tt_animate_none  NgrNYosX\"><div class=\"true-img-wrap\"><img loading=\"lazy\" decoding=\"async\" width=\"320\" height=\"237\" src=\"https:\/\/musicole78.fr\/wp-content\/uploads\/2016\/11\/Groupe.jpg\" class=\"attachment-large size-large\" alt=\"\" srcset=\"https:\/\/musicole78.fr\/wp-content\/uploads\/2016\/11\/Groupe.jpg 320w, https:\/\/musicole78.fr\/wp-content\/uploads\/2016\/11\/Groupe-300x222.jpg 300w\" sizes=\"auto, (max-width: 320px) 100vw, 320px\" \/><\/div><div class=\"true-text-wrap\"><div class=\"callout-heading-wrap true-montserrat\"><h4><\/h4><h3>L'Atelier Groupe<\/h3><\/div><div class=\"callout-details-wrap\">Un atelier pour tous les musiciens d\u00e9sirant jouer en groupe (deux \u00e0 trois ans de pratique)\u2026<\/div><\/div><a class=\"overlay-link\" href=\"https:\/\/musicole78.fr\/?page_id=3691\" target=\"\" title=\"L\u2019atelier Groupe\"><\/a><\/div>[vc_separator]<div class=\"true-image-box-1 tt_animate_none  hbqepaqS\"><div class=\"true-img-wrap\"><img loading=\"lazy\" decoding=\"async\" width=\"264\" height=\"191\" src=\"https:\/\/musicole78.fr\/wp-content\/uploads\/2022\/03\/Chorale4.jpeg\" class=\"attachment-large size-large\" alt=\"\" \/><\/div><div class=\"true-text-wrap\"><div class=\"callout-heading-wrap true-montserrat\"><h4><\/h4><h3>La Chorale<\/h3><\/div><div class=\"callout-details-wrap\">Le cours de chorale est\u00a0un vrai travail sur le corps, la respiration et les r\u00e9sonateurs. De splendides voix et des personnalit\u00e9s rayonnantes peuvent se r\u00e9v\u00e9ler\u00a0!!!<\/div><\/div><a class=\"overlay-link\" href=\"https:\/\/musicole78.fr\/?page_id=19642\" target=\"\" title=\"La Chorale\"><\/a><\/div>[\/vc_column][\/vc_row]\n<\/div>","protected":false},"excerpt":{"rendered":"<p>[vc_row][vc_column][\/vc_column][\/vc_row][vc_row][vc_column width=\u00a0\u00bb1\/3&Prime;][vc_separator][vc_separator][vc_separator][vc_separator][\/vc_column][vc_column width=\u00a0\u00bb1\/3&Prime;][vc_separator][vc_separator][vc_separator][vc_separator][\/vc_column][vc_column width=\u00a0\u00bb1\/3&Prime;][vc_separator][vc_separator][vc_separator][vc_separator][vc_separator][\/vc_column][\/vc_row]<\/p>\n","protected":false},"author":1,"featured_media":0,"parent":0,"menu_order":0,"comment_status":"closed","ping_status":"closed","template":"template-full-width.php","meta":{"_acf_changed":false,"_bbp_topic_count":0,"_bbp_reply_count":0,"_bbp_total_topic_count":0,"_bbp_total_reply_count":0,"_bbp_voice_count":0,"_bbp_anonymous_reply_count":0,"_bbp_topic_count_hidden":0,"_bbp_reply_count_hidden":0,"_bbp_forum_subforum_count":0,"footnotes":""},"class_list":["post-2853","page","type-page","status-publish","hentry"],"acf":[],"aioseo_notices":[],"_links":{"self":[{"href":"https:\/\/musicole78.fr\/index.php?rest_route=\/wp\/v2\/pages\/2853","targetHints":{"allow":["GET"]}}],"collection":[{"href":"https:\/\/musicole78.fr\/index.php?rest_route=\/wp\/v2\/pages"}],"about":[{"href":"https:\/\/musicole78.fr\/index.php?rest_route=\/wp\/v2\/types\/page"}],"author":[{"embeddable":true,"href":"https:\/\/musicole78.fr\/index.php?rest_route=\/wp\/v2\/users\/1"}],"replies":[{"embeddable":true,"href":"https:\/\/musicole78.fr\/index.php?rest_route=%2Fwp%2Fv2%2Fcomments&post=2853"}],"version-history":[{"count":8,"href":"https:\/\/musicole78.fr\/index.php?rest_route=\/wp\/v2\/pages\/2853\/revisions"}],"predecessor-version":[{"id":23485,"href":"https:\/\/musicole78.fr\/index.php?rest_route=\/wp\/v2\/pages\/2853\/revisions\/23485"}],"wp:attachment":[{"href":"https:\/\/musicole78.fr\/index.php?rest_route=%2Fwp%2Fv2%2Fmedia&parent=2853"}],"curies":[{"name":"wp","href":"https:\/\/api.w.org\/{rel}","templated":true}]}}