{"id":4944,"date":"2017-01-21T08:50:58","date_gmt":"2017-01-21T07:50:58","guid":{"rendered":"http:\/\/musicole78.fr\/?post_type=product&#038;p=4944"},"modified":"2021-12-10T16:03:41","modified_gmt":"2021-12-10T15:03:41","slug":"console-de-mixage-analogique-yamaha-mg2414-fx","status":"publish","type":"product","link":"https:\/\/musicole78.fr\/?product=console-de-mixage-analogique-yamaha-mg2414-fx","title":{"rendered":"Console de Mixage Analogique Yamaha &#8211; MG24\/14 FX  VENDU !"},"content":{"rendered":"<div class=\"wpb-content-wrapper\">[vc_row][vc_column][vc_column_text]VENDUE ! Table de Mixage 24 Canaux, 16 Micros\/Lines + 4 Lines, Equa 3 Bandes, Inserts, 4 Aux avec 2 Processeurs d&rsquo;effets numriques indpendants.<\/p>\n<p>Caractristiques &#8211; Table de Mixage 24 Canaux Professionnelle. &#8211; 16 Micros\/Ligne, 4 Lines Stros, dont deux peuvent servir en entres mono micro &#8211; 2 Processeurs d&rsquo;effets numriques indendants &#8211; 32 effets dont des rverbs, dlai, Pitch Change, Chorus, Phasing&#8230; &#8211; 16 pramplis faible bruit de haute prcision &#8211; Alimentation fantme sur chacune des entres micro &#8211; Inserts sur les Entres Micros &#8211; Equaliseur 3 Bandes par Voie + Filtre Coupe Bas sur voies Micros &#8211; 14 Bus de Sortie &#8211; 4 Dparts Auxiliaires &#8211; 4 Retours Auxiliaires &#8211; 2 auxilaires supplmentaires ddis aux multieffets intgrs &#8211; Entre pour Micro d&rsquo;ordre &#8211; Filtre passe-bas r\u00e9glable pour les sorties monos &#8211; Sorties st\u00e9r\u00e9o et mono XLR symtriques (XLR Symtrique)<\/p>\n<p>Notice en fran\u00e7ais : <a href=\"http:\/\/musicole78.fr\/wp-content\/uploads\/woocommerce_uploads\/2017\/01\/Yamaha-mg32_14fxf.pdf\">Yamaha mg32_14fxf<\/a>[\/vc_column_text][\/vc_column][\/vc_row]\n<\/div>","protected":false},"excerpt":{"rendered":"<p>VENDUE !\u00a0 Consoles de haut niveau pour le son live ou les installations. Riches en fonctionnalit\u00e9s, la console de sonorisation MG24\/14FX est capable de g\u00e9rer les applications audio live les plus exigeantes.<\/p>\n<p><a href=\"http:\/\/fr.yamaha.com\/fr\/products\/proaudio\/mixers\/analog-mixers\/mg24_14fx\/?mode=model\" target=\"_blank\" rel=\"noopener noreferrer\">http:\/\/fr.yamaha.com\/fr\/products\/proaudio\/mixers\/analog-mixers\/mg24_14fx\/?mode=model<\/a><\/p>\n<p><a href=\"http:\/\/fr.audiofanzine.com\/console-analogique\/yamaha\/mg-fx-series-mg24-14fx\" target=\"_blank\" rel=\"noopener noreferrer\">http:\/\/fr.audiofanzine.com\/console-analogique\/yamaha\/mg-fx-series-mg24-14fx<\/a><\/p>\n<p><a href=\"http:\/\/www.sonovente.com\/yamaha-mg24-14-fx-p2974.html\" target=\"_blank\" rel=\"noopener noreferrer\">www.sonovente.com\/yamaha-mg24-14-fx-p2974.html<\/a><\/p>\n","protected":false},"featured_media":4945,"comment_status":"open","ping_status":"closed","template":"","meta":{"_acf_changed":false,"_bbp_topic_count":0,"_bbp_reply_count":0,"_bbp_total_topic_count":0,"_bbp_total_reply_count":0,"_bbp_voice_count":0,"_bbp_anonymous_reply_count":0,"_bbp_topic_count_hidden":0,"_bbp_reply_count_hidden":0,"_bbp_forum_subforum_count":0},"product_brand":[],"product_cat":[82],"product_tag":[139,138],"class_list":{"0":"post-4944","1":"product","2":"type-product","3":"status-publish","4":"has-post-thumbnail","6":"product_cat-les-petites-annonces","7":"product_tag-mixage","8":"product_tag-sono","10":"first","11":"outofstock","12":"downloadable","13":"sold-individually","14":"taxable","15":"shipping-taxable","16":"product-type-simple"},"acf":[],"aioseo_notices":[],"_links":{"self":[{"href":"https:\/\/musicole78.fr\/index.php?rest_route=\/wp\/v2\/product\/4944","targetHints":{"allow":["GET"]}}],"collection":[{"href":"https:\/\/musicole78.fr\/index.php?rest_route=\/wp\/v2\/product"}],"about":[{"href":"https:\/\/musicole78.fr\/index.php?rest_route=\/wp\/v2\/types\/product"}],"replies":[{"embeddable":true,"href":"https:\/\/musicole78.fr\/index.php?rest_route=%2Fwp%2Fv2%2Fcomments&post=4944"}],"wp:featuredmedia":[{"embeddable":true,"href":"https:\/\/musicole78.fr\/index.php?rest_route=\/wp\/v2\/media\/4945"}],"wp:attachment":[{"href":"https:\/\/musicole78.fr\/index.php?rest_route=%2Fwp%2Fv2%2Fmedia&parent=4944"}],"wp:term":[{"taxonomy":"product_brand","embeddable":true,"href":"https:\/\/musicole78.fr\/index.php?rest_route=%2Fwp%2Fv2%2Fproduct_brand&post=4944"},{"taxonomy":"product_cat","embeddable":true,"href":"https:\/\/musicole78.fr\/index.php?rest_route=%2Fwp%2Fv2%2Fproduct_cat&post=4944"},{"taxonomy":"product_tag","embeddable":true,"href":"https:\/\/musicole78.fr\/index.php?rest_route=%2Fwp%2Fv2%2Fproduct_tag&post=4944"}],"curies":[{"name":"wp","href":"https:\/\/api.w.org\/{rel}","templated":true}]}}