{"id":5195,"date":"2017-02-06T19:13:23","date_gmt":"2017-02-06T18:13:23","guid":{"rendered":"https:\/\/musicole78.fr\/?product=g-system-pedalier-controleur-multi-effets-haut-de-gamme"},"modified":"2024-06-20T14:10:13","modified_gmt":"2024-06-20T13:10:13","slug":"g-system-pedalier-controleur-multi-effets-haut-de-gamme","status":"publish","type":"product","link":"https:\/\/musicole78.fr\/?product=g-system-pedalier-controleur-multi-effets-haut-de-gamme","title":{"rendered":"G-System P\u00e9dalier \/ contr\u00f4leur \/ multi-effets haut de gamme"},"content":{"rendered":"<p>P\u00e9dalier \/ contr\u00f4leur \/ multi-effet haut de gamme<\/p>\n<div>A sa sortie, le G-System original a litt\u00e9ralement mis le feu au monde des processeurs, avec des effets et un contr\u00f4le fr\u00f4lant la perfection. Le G-System refait grimper la temp\u00e9rature avec un nouveau circuit analogique encore plus transparent et l\u2019ajout d\u2019effets radicaux. Avec ses 100 nouveaux presets, il reste, toujours et encore, le p\u00e9dalier d\u2019effets ultime. Les traitements typiquement utilis\u00e9s avant les effets \u00ab purs \u00bb sont disponibles dans la section Pre Effects. Dans le G-System, l\u2019entre analogique haute imp\u00e9dance est convertie en 24 bits 96 kHz : cette conversion en haute r\u00e9solution assure une pr\u00e9servation maximum du son original de la guitare et de ses harmoniques, condition vitale avant d\u2019attaquer un pr\u00e9ampli ou une saturation. Filtres La section des filtres vous permet de choisir entre filtres contr\u00f4lables en direct et filtres param\u00e9trables, qu\u2019il s\u2019agisse d\u2019un effet de wha-wha appliqu\u00e9s aux formants, ou de filtres r\u00e9sonants. Compression Tout ce qu\u2019il faut pour contr\u00f4ler la dynamique de l\u2019instrument, de fa\u00e7on caricaturale (effet de pompage) ou super transparente, avec un cr\u00eatage doux et un sustain prolong\u00e9. Boucles d\u2019inserts analogiques. Les 4 boucles d\u2019inserts analogiques du GSystem permettent une gestion int\u00e9grale des presets ainsi qu\u2019une activation\/d\u00e9sactivation \u00e0 la vol\u00e9, avec un by-pass rel des p\u00e9dales (true bypass). La 5me boucle d\u2019insert a \u00e9t\u00e9 con\u00e7ue pour recevoir un pr\u00e9ampli. Une m\u00e9moire tampon au niveau de la boucle d\u2019insert permet des longueurs de c\u00e2bles plus importantes, sans perte de qualit\u00e9. Switching d\u2019ampli 4 commutateurs relais vous permettent de commander \u00e0 distance vos pr\u00e9amplis et amplis analogiques. EFFETS POST Noise Gate La section Post Effects comprend un noise gate ultra r\u00e9actif qui permet de gommer discr\u00e8tement les bruits de fond. Modulations La section modulation offre des effets vari\u00e9s tels que flanger, phaser, tremolo, vibrato, sans oublier le chorus de TC, pour n\u2019en citer que quelques-uns\u2026 Pitch Shift Le d\u00e9saccordage permet d\u2019\u00e9largir l\u2019image st\u00e9r\u00e9o, tandis que le whammy et les octavers sont des effets \u00e0 proprement parler. La fonction Pitch Shift classique permet une transposition jusqu\u2019 deux octave. Quant au pitch intelligent, il permet de choisir une \u00e9chelle et d\u2019affecter les pitches aux notes joues, cr\u00e9ant des sons et des harmoniques hors du commun. Delay La section delay offre plus de 6 effets diff\u00e9rents, parmi lesquels l\u2019incontournable 2290 Dynamic Delay, un reverse delay, un cho bande&#8230; Tous les delays ont l\u2019option de spillover, c\u2019est&#8211;dire que les r\u00e9ptitions continuent et ne sont pas coupes lors de changements de preset. La fonction Tap Tempo est bien entendu disponible, et peut tre synchronise sur une horloge MIDI. Reverb Le G-System a toutes les c\u00e9l\u00e8bres r\u00e9verbes de TC Electronic : Plate, Room, Spring et Hall, toutes retravailles et optimises pour la guitare. La liste ne s\u2019arr\u00e8te pas l\u00e0\u2026 Le G-System compte de nombreuses fonctions suppl\u00e9mentaires, comme un noise gate ultra progressif et un \u00e9galiseur trois bandes. La fonction Boost permet de mettre en avant un solo ou un riff, et tous les effets temporels peuvent \u00eatre individuellement group\u00e9s par Tap Tempo ou par l\u2019horloge MIDI. Enfin, de tr\u00e8s nombreux param\u00e8tres sont contr\u00f4lables par une p\u00e9dale d\u2019expression.<\/div>\n","protected":false},"excerpt":{"rendered":"<p>&#8211; TC Electronic G-System &#8211; Multi-effets guitare haut de gamme avec p\u00e9dalier-contr\u00f4leur &#8211; Tout simplement le meilleur multi-effets pour guitares du march\u00e9 &#8211;<\/p>\n<p>Notice en Fran\u00e7ais : <a href=\"http:\/\/musicole78.fr\/wp-content\/uploads\/2017\/01\/tc_electronic_g-system_manual_french.pdf\">tc_electronic_g-system_manual_french<\/a><\/p>\n","protected":false},"featured_media":5139,"comment_status":"open","ping_status":"closed","template":"","meta":{"_acf_changed":false,"_bbp_topic_count":0,"_bbp_reply_count":0,"_bbp_total_topic_count":0,"_bbp_total_reply_count":0,"_bbp_voice_count":0,"_bbp_anonymous_reply_count":0,"_bbp_topic_count_hidden":0,"_bbp_reply_count_hidden":0,"_bbp_forum_subforum_count":0},"product_brand":[],"product_cat":[82],"product_tag":[143,150],"class_list":{"0":"post-5195","1":"product","2":"type-product","3":"status-publish","4":"has-post-thumbnail","6":"product_cat-les-petites-annonces","7":"product_tag-guitare","8":"product_tag-multi-effet","9":"product_shipping_class-colis-lourd","11":"first","12":"instock","13":"sale","14":"purchasable","15":"product-type-simple"},"acf":[],"aioseo_notices":[],"_links":{"self":[{"href":"https:\/\/musicole78.fr\/index.php?rest_route=\/wp\/v2\/product\/5195","targetHints":{"allow":["GET"]}}],"collection":[{"href":"https:\/\/musicole78.fr\/index.php?rest_route=\/wp\/v2\/product"}],"about":[{"href":"https:\/\/musicole78.fr\/index.php?rest_route=\/wp\/v2\/types\/product"}],"replies":[{"embeddable":true,"href":"https:\/\/musicole78.fr\/index.php?rest_route=%2Fwp%2Fv2%2Fcomments&post=5195"}],"wp:featuredmedia":[{"embeddable":true,"href":"https:\/\/musicole78.fr\/index.php?rest_route=\/wp\/v2\/media\/5139"}],"wp:attachment":[{"href":"https:\/\/musicole78.fr\/index.php?rest_route=%2Fwp%2Fv2%2Fmedia&parent=5195"}],"wp:term":[{"taxonomy":"product_brand","embeddable":true,"href":"https:\/\/musicole78.fr\/index.php?rest_route=%2Fwp%2Fv2%2Fproduct_brand&post=5195"},{"taxonomy":"product_cat","embeddable":true,"href":"https:\/\/musicole78.fr\/index.php?rest_route=%2Fwp%2Fv2%2Fproduct_cat&post=5195"},{"taxonomy":"product_tag","embeddable":true,"href":"https:\/\/musicole78.fr\/index.php?rest_route=%2Fwp%2Fv2%2Fproduct_tag&post=5195"}],"curies":[{"name":"wp","href":"https:\/\/api.w.org\/{rel}","templated":true}]}}