{"id":6079,"date":"2017-09-01T09:45:59","date_gmt":"2017-09-01T08:45:59","guid":{"rendered":"http:\/\/musicole78.fr\/?post_type=product&#038;p=6079"},"modified":"2019-04-05T09:51:57","modified_gmt":"2019-04-05T08:51:57","slug":"pack-09-recueil-guitare-n1-lecture-rythmique","status":"publish","type":"product","link":"https:\/\/musicole78.fr\/?product=pack-09-recueil-guitare-n1-lecture-rythmique","title":{"rendered":"Pack 09 Recueil Guitare N\u00b01 + Lecture rythmique"},"content":{"rendered":"","protected":false},"excerpt":{"rendered":"<p>Voici un Pack comprenant un recueil d&rsquo;apprentissage pour la guitare ainsi qu&rsquo;un recueil de lecture du rythme. Vous voici \u00e9quip\u00e9 pour appr\u00e9hender votre premi\u00e8re ann\u00e9e de guitare !<\/p>\n[gallery ids=\"523,1432,5962,5963,5964\"]\n","protected":false},"featured_media":523,"comment_status":"open","ping_status":"closed","template":"","meta":{"_acf_changed":false,"_bbp_topic_count":0,"_bbp_reply_count":0,"_bbp_total_topic_count":0,"_bbp_total_reply_count":0,"_bbp_voice_count":0,"_bbp_anonymous_reply_count":0,"_bbp_topic_count_hidden":0,"_bbp_reply_count_hidden":0,"_bbp_forum_subforum_count":0},"product_brand":[],"product_cat":[32,34,37],"product_tag":[],"class_list":{"0":"post-6079","1":"product","2":"type-product","3":"status-publish","4":"has-post-thumbnail","6":"product_cat-partitions","7":"product_cat-partitions-guitare","8":"product_cat-partitions-methode-guitare","10":"first","11":"instock","12":"sale","13":"downloadable","14":"virtual","15":"purchasable","16":"product-type-simple"},"acf":[],"aioseo_notices":[],"_links":{"self":[{"href":"https:\/\/musicole78.fr\/index.php?rest_route=\/wp\/v2\/product\/6079","targetHints":{"allow":["GET"]}}],"collection":[{"href":"https:\/\/musicole78.fr\/index.php?rest_route=\/wp\/v2\/product"}],"about":[{"href":"https:\/\/musicole78.fr\/index.php?rest_route=\/wp\/v2\/types\/product"}],"replies":[{"embeddable":true,"href":"https:\/\/musicole78.fr\/index.php?rest_route=%2Fwp%2Fv2%2Fcomments&post=6079"}],"wp:featuredmedia":[{"embeddable":true,"href":"https:\/\/musicole78.fr\/index.php?rest_route=\/wp\/v2\/media\/523"}],"wp:attachment":[{"href":"https:\/\/musicole78.fr\/index.php?rest_route=%2Fwp%2Fv2%2Fmedia&parent=6079"}],"wp:term":[{"taxonomy":"product_brand","embeddable":true,"href":"https:\/\/musicole78.fr\/index.php?rest_route=%2Fwp%2Fv2%2Fproduct_brand&post=6079"},{"taxonomy":"product_cat","embeddable":true,"href":"https:\/\/musicole78.fr\/index.php?rest_route=%2Fwp%2Fv2%2Fproduct_cat&post=6079"},{"taxonomy":"product_tag","embeddable":true,"href":"https:\/\/musicole78.fr\/index.php?rest_route=%2Fwp%2Fv2%2Fproduct_tag&post=6079"}],"curies":[{"name":"wp","href":"https:\/\/api.w.org\/{rel}","templated":true}]}}